 + j + 2. Suppose 0*i - 5*i - 13 = -2*k, -i = -4*k - 1. Let r be (-4 - (5/15 + -4))*6. Let q be ((r - -2)/2)/k + -2. Calculate c(q).
0
Suppose 0 = a - 4*w - 14, 0 = 5*w + 1 + 14. Suppose a*f = 14 - 8. Let o(h) = -1 + 105*h + h**f + 104*h - 209*h + 6*h**2. What is o(-6)?
-1
Suppose -3*k = 22*i - 23*i - 27, 0 = 3*k - 4*i - 45. Let t(l) = -3*l**2 + 21*l + 4. Give t(k).
4
Let w(s) = -s**3 + 3*s**2 - 2. Suppose -94 = -33*h + 71. Let y be 128/(-160) + 19/h. Calculate w(y).
-2
Let g(l) = -3*l**2 - 13*l - 56033 + 55992 + 2*l**2. Calculate g(-7).
1
Suppose -523*j - 132 = -517*j. Let n be (1 - -2) + (0 - 1). Let c(i) = i - 1. Let m(h) = 12*h - 10. Let p(z) = j*c(z) + n*m(z). What is p(-2)?
-2
Let w(v) be the first derivative of -v**3/3 + 11*v**2/2 - 10*v - 3. Suppose -8 = 10*x + 10 - 88. Determine w(x).
18
Let g(p) = 31*p + 989. Let d be g(-32). Let b(i) = i - 2. What is b(d)?
-5
Let q(i) = 7*i**2 - 14*i**2 + 1434*i**3 - 1450*i**3 + 9*i**2 + i. Give q(-1).
17
Let d(q) = q. Suppose 7*l + 4*l = 33. Let v(j) = j**2 - 2*j + 3. Let z be v(l). Let a be (z/7)/(-2 + 45/21). Give d(a).
6
Let p(x) = 148 - 21*x**2 + 69*x**2 - 26*x**2 - 507*x - 24*x**2 + 589*x. Calculate p(43).
-24
Let l be 3140/(-920) - -5 - 4/46. Let m(c) be the first derivative of 0*c + 3 - 1/3*c**3 - l*c**2. Give m(-4).
-4
Suppose 10*t - 391 = 669. Let c(g) = 4*g + 319 - 106 - t - 109. Determine c(-2).
-10
Let v(i) = i**2 - 19*i - 37. Suppose -2954 + 1232 = -82*j. Calculate v(j).
5
Suppose 5*u + 4 = -i, 5*i + 9*u = 5*u + 64. Let d(m) = -2*m**2 + 28*m + 58. Give d(i).
-6
Let y = -15 - -11. Let f(q) = 25*q**2 + 34*q - 10. Let c(r) = -14*r**2 - 19*r + 6. Let d(t) = -9*c(t) - 5*f(t). Calculate d(y).
8
Let y(c) = 2*c**2 - 115*c + 164. Let j be y(56). Let w(p) = 2*p**2 + 3*p + 5. Calculate w(j).
25
Let g(u) = 52*u**3 - 12*u**2 + 2*u + 5. Let x(z) = 15*z**3 - 4*z**2 + 2. Let h(k) = 2*g(k) - 7*x(k). Determine h(5).
-9
Let z(n) = -n + 5. Suppose 4*d = -5*f + 441, 7*f = -4*d + 4*f + 447. Suppose -63 = -d*t + 105*t. Give z(t).
-2
Let r = 9313 - 9305. Let j(w) = -w**2 - 13*w + 18. Give j(r).
-150
Let s(j) = 3*j - 7. Let u = 50 + -48. Let y(t) = 10*t + 3. Let b be y(u). Suppose -19*q = -b*q + 20. Determine s(q).
8
Let t = 8888 + -8885. Let c(v) be the first derivative of -t - 1/2*v**2 + 7*v. Determine c(6).
1
Let u(m) = 24 - 18 - 3*m + 0*m - 12 - 6*m. Determine u(0).
-6
Let i(w) = -7*w. Let z = -37 - -42. Let k be (z - 5) + (-1)/((-1)/2). Let j be (6/36)/(k/12). What is i(j)?
-7
Let v(p) = p - 2. Let u = -233 + 557. Suppose 26*q - u = -q. Determine v(q).
10
Suppose 10*t + 0*t = 100. Suppose -5*y - 5*c = t, -3*y + 5*c = -32 + 6. Let f(w) = 4*w**y - w**3 + 1 + 6*w + 3 + 1 - 8. Give f(5).
2
Let y(k) be the second derivative of -k**5/20 + k**4/12 + 4*k**3/3 - 3*k**2/2 - 198*k + 16. Determine y(2).
9
Let h(t) be the second derivative of t**5/20 - 4*t**4/3 + 10*t**3 + 13*t**2 - t + 1133. What is h(8)?
-6
Let n(o) = o**3 + 3*o**2 - 4*o + 4. Let l be n(-4). Let m(a) = -l + 2 + a**2 + 6*a - a. Let g(y) = -167*y - 1173. Let q be g(-7). Determine m(q).
-6
Let i(b) = 3*b**2 + 2*b - 4. Let q be ((-44)/(-1))/((-3 + 11)/4). Suppose -3*k = 13 - q. Suppose -5*u + 4*u - w = -1, 0 = -k*u - 2*w - 1. Calculate i(u).
17
Let r(d) = 8*d - 30. Let o = -284 + 289. Give r(o).
10
Suppose 0 = -5*g - 5*t + 5, 7 = 3*g - 0*g + 2*t. Suppose -4 - g = -3*b. Let s(a) = -b + 33*a - 32*a - 3. What is s(5)?
-1
Let r = 3 - 4. Let t(w) be the third derivative of -19*w**6/120 - w**2 + 771*w - 1. Calculate t(r).
19
Let m(i) be the first derivative of i**4/4 - 3*i**3 + 4*i**2 - 5*i - 1. Let h be 3*200/15*19/95. Determine m(h).
-5
Let f(t) = -5*t + 3. Let h(k) = k**2 + k - 21. Let n be h(-6). Suppose -19 + 55 = n*v. What is f(v)?
-17
Let b(r) = r**2 + 9*r - 20. Suppose 829 = -119*h - 480. Determine b(h).
2
Let v = 36444 + -36450. Let t(w) be the second derivative of -w**3/2 + 7*w**2/2 - 3*w. Determine t(v).
25
Let s(i) = -5*i**2 - i + 2. Let f(b) = -36*b - 4. Let p be f(-1). Let x = -29 + p. Let r(y) = 11*y**2 + 2*y - 3. Let w(j) = x*r(j) + 5*s(j). Give w(-1).
8
Let w(b) = -46*b**2 + 88*b + 20. Let n(j) = -166*j**2 + 308*j + 70. Let f(a) = -5*n(a) + 18*w(a). Calculate f(-21).
-32
Let v(p) = 90 - 46 - 5 + 2*p**2 - 13 + p**2 - 23. Suppose 9*k = 4*k - 10. Calculate v(k).
15
Let b(v) = 46 - 14 - 16 - 16 - 22 + 4*v. Determine b(9).
14
Let i(a) = -a**3 + 8*a**2 - 6*a - 6. Let h(v) = -6 - 2 + 2*v + v**3 - 7*v - 5*v**2 + 3. Let t be h(6). Let p be t + 99/18 + (-2)/(-4). Calculate i(p).
1
Let i(p) = 261*p + 70. Let q(b) = -98*b - 24. Let a(v) = -3*i(v) - 8*q(v). What is a(-21)?
-39
Let l(d) = -d - 8. Let o be ((-36)/(-60))/(6/20). Let m be (-14)/49 + 4/14. Suppose -7*g + o*g = m. Give l(g).
-8
Let y(u) = -9*u**2 + 7*u + 7. Let j = -4150 + 4154. What is y(j)?
-109
Suppose 0*o = 5*o. Let h(c) = 8*c - 2. Let q be h(8). Let b(d) = 1 + 30*d + 31*d - 10 - q*d. Determine b(o).
-9
Let z(r) = 2*r**2 - 7*r - 1. Let l = -70 + 72. Suppose 2*f + 20 + 10 = 5*m, 4 = -l*m + 4*f. Suppose -m = 3*k - 23. Calculate z(k).
14
Let i(d) = -11 - 35*d + 7*d + 14*d + 7. Give i(5).
-74
Let o be -13*(-4)/286 + (-468)/33. Let z(i) = i**2 - i + 1. Let l(n) = 3*n**2 + 11*n - 8. Let v(p) = l(p) - 2*z(p). Calculate v(o).
4
Let c(i) = -372*i + 1112. Let f be c(3). Let z(j) = 3*j**2 + 20*j + 10. Determine z(f).
-22
Let h(g) = 18*g**2 + g - 2. Let q be h(-2). Let i(j) = -25*j - 501. Let u be i(-23). Let l = u - q. Let t(n) = -2*n + 8. What is t(l)?
-4
Suppose 5*a - 206 = 24. Let f(z) = -a*z**3 - 2*z**2 + 44*z**3 + 19*z - 18*z. Calculate f(-2).
6
Let c(g) be the second derivative of g**4/6 + g**3/3 - 33*g**2/2 - 2305*g. Determine c(-5).
7
Let n(b) be the second derivative of -b**5/20 - b**4 - 13*b**3/6 + 10*b**2 + 1789*b. Determine n(-11).
42
Let b(a) = 60*a + 32 - 166*a + 54*a + 2*a**2 + 69*a. Let q be b(-4). Let r(k) = k**2 + 7*k + 6. Give r(q).
-6
Let n(j) be the second derivative of j**7/840 + j**6/45 - j**5/120 + j**4/4 + 46*j**3/3 - j + 15. Let f(k) be the second derivative of n(k). Give f(-8).
14
Let o(g) = -g**2 + 5*g + 105. Let s = 129 + -116. Give o(s).
1
Let g(l) be the first derivative of 2*l - 275 - 1/3*l**3 + 5/2*l**2. What is g(5)?
2
Let j(q) = q**2 - 13*q + 5. Let y be 8/(-14) - 11560/56. Let z = y + 220. Calculate j(z).
5
Let n be ((-1)/(-3) + (-210)/144)*(-171 - -163). Let i(q) = 4 + q**2 + 9*q**2 - 11*q + q - q**3. Calculate i(n).
-5
Suppose -16*u + 915 = -3*l - 12*u, 3*u + 915 = -3*l. Let s = 318 + l. Let t(y) = -y + 8. What is t(s)?
-5
Let y be (-3)/(-3)*1 - -1. Let b(g) be the first derivative of -1/4*g**4 - 3*g + 1/3*g**3 - 42 + 3/2*g**2. Determine b(y).
-1
Let r(c) = -2*c - 3. Let f(a) = -6*a + 2. Let q be f(-2). Let j(l) = 7*l - 488. Let u be j(71). Suppose -q*k - u = 19. Determine r(k).
1
Let v(d) = -2*d**2 - d + 4. Let z(j) = -5*j**2 + 5*j - 12. Let n(t) = 2*v(t) - z(t). Calculate n(8).
28
Let o(f) = f**3 - 2*f**2 + 3*f + 2. Let l = -9 - 2. Let i be l - (-5 - -10) - 1/(-1). Let k be 4/8 - i/6. Determine o(k).
20
Let w(i) = 2*i - 23. Let z be (-10 - -11)/(3/45). Let d be w(z). Let t(x) = -x**2 + 6*x + 12. Give t(d).
5
Let a(z) = -23*z**3 - 3*z**2 - 3*z - 4. Let d be a(-2). Let j = -167 + d. Let q(y) = 5*y - 7. Give q(j).
28
Let m be 2/9 + -7*8/9. Let o(w) = w**2 + 10*w + 19. Let t be o(m). Let x(p) = p**3 + 5*p**2 - 2. Let z be x(t). Let i(s) = -4*s. Determine i(z).
8
Let m be 15*1/3*((-16)/(-10))/(-2). Let d(l) = 5*l + 5. Let o(k) = -9*k - 9. Let z(v) = 7*d(v) + 4*o(v). Calculate z(m).
3
Let h(f) = -f**3 + 51*f - 8. Suppose -475*j = -477*j + 14. Determine h(j).
6
Suppose -203*h - 43 - 50 = 110. Let u(d) = 3*d**2 + d + 2. Give u(h).
4
Let o(g) = g**3 + 2*g**2 - g + 1. Suppose 7*p = p + 144. Let j be ((-26)/8)/((-3)/p). Suppose 5*q - 1 = -j, 0 = -5*k + 4*q + 10. Give o(k).
3
Let u(p) = 7*p + 45. Let a be u(-4). Let q(n) = -3*n**3 + 12*n**2 - 3*n - 8. Let x(s) = s**3 - 4*s**2 + s + 3. Let w(h) = a*x(h) + 6*q(h). What is w(4)?
-1
Let y(n) = n**2 + 30. Let x = 123 - 119. Suppose -12 = x*i - 8*i - 4*g, -3 = -5*i - g. Calculate y(i).
30
Let v(r) = r**2 - 10*r - 10. Let a be -4*(-3)/12 + -20 + 22. Suppose 2*l - 4*h = 14, -23*l + 22*l = -a*h - 5. Give v(l).
1
Let p(y) = 7*y**2 - 3*y**2 + 9*y + 1 - 6 - 18*y + y**3. Determine p(-6).
-23
Let c(j) = -2 - 50 + j + 4*j + 7 - 11. C